divisor of 22 and v.
22
Let g = 8 - 7. Let b be g + (1 + 102)/1. What is the greatest common factor of 13 and b?
13
Suppose 0*n + 2*n - 46 = -g, 0 = 5*n - 2*g - 97. Calculate the highest common divisor of n and 126.
21
Let f be 1/(-1*2/12). Let r be ((-8)/f)/((-2)/(-24)). Calculate the highest common factor of r and 16.
16
Let w(a) = -6*a - 6. Let r be w(-4). Suppose l + 1 = 3*c + 2*c, 3*l - 31 = -2*c. Calculate the greatest common divisor of r and l.
9
Suppose 0*o - o = 2*k - 10, -4*o + 58 = -k. Let m = 1066 + -562. Suppose -9*g + 13*g = m. What is the highest common factor of o and g?
14
Suppose 4*o = o + 222. Suppose 4*x - 6 - 32 = -3*v, o = 5*v - 4*x. What is the greatest common divisor of v and 28?
14
Let w(h) = 14*h**2 - h + 2. Let x be w(-2). Calculate the greatest common divisor of 12 and x.
12
Suppose 0 = -24*o + 21*o + 510. Calculate the highest common divisor of o and 68.
34
Suppose 0 = 3*b + 3*b - 48. Calculate the highest common factor of 6 and b.
2
Let f(s) = 6*s**2 - 3*s - 3. Let o be f(-1). What is the greatest common factor of o and 114?
6
Suppose -8*u + 44 = -6*u. Calculate the highest common factor of 242 and u.
22
Suppose -3*c = 2*v - 3*v + 31, -3*v + 72 = -2*c. Let p be 6/2*56/(-12). Let a = p + 16. What is the greatest common factor of a and v?
2
Let m = 28 + -18. Calculate the greatest common factor of m and 90.
10
Suppose 0 = 3*b - 2*b - 9. Suppose b*i = 6*i + 54. Calculate the highest common divisor of 18 and i.
18
Let t be -1 - -38 - (0 - 10/5). Calculate the highest common factor of t and 13.
13
Let c(o) = -o**2 - 15*o. Let i = -41 - -28. Let r be c(i). Suppose 5*b - 29 = 36. What is the highest common divisor of r and b?
13
Let c = -45 - -79. What is the highest common factor of 17 and c?
17
Suppose 5*z - 585 = -5*a, 0*a - 119 = -z - 3*a. Let s = z - 52. What is the greatest common divisor of 16 and s?
16
Suppose -230 = -4*v + 50. Suppose 3*b + v = -2*b. Let a = -7 - b. What is the highest common factor of 7 and a?
7
Suppose 4*i = -0*i + 84. Suppose 0*j = 4*j + 36. Let d = j + i. Calculate the highest common factor of d and 12.
12
Let r(k) = 112*k - 11. Let n(i) = -56*i + 5. Let x(b) = -7*n(b) - 3*r(b). Let c be x(2). What is the greatest common factor of c and 10?
10
Suppose -12*z + 11*z = -21. Let a be (-2 - 7/(-2))*2. What is the greatest common divisor of z and a?
3
Let b = -43 + 79. Calculate the greatest common factor of b and 4.
4
Let w(b) = 3*b**2 - b - 12. Let t be w(-9). What is the highest common factor of t and 30?
30
Suppose -2*q - q - 159 = -2*f, 4*f - 2*q = 298. Suppose -z - z = -f. What is the greatest common factor of 90 and z?
18
Let h(o) = -2*o. Let c be h(-7). Calculate the highest common factor of 14 and c.
14
Suppose 2*d - 12 = -2. Suppose 5*l = -w + 12 + d, 4*l + 56 = 5*w. Calculate the greatest common divisor of 8 and w.
4
Suppose -r + 19 = n + 2*n, 3*n = -3*r + 9. What is the highest common factor of n and 20?
4
Let f = -25 + 35. Suppose -265 = 3*s - 6*s + 5*j, -s + j = -87. Suppose 2*h - 35 = -m, 0 = 4*h + m - 2*m - s. Calculate the highest common factor of h and f.
10
Suppose 8*f - 13*f + 15 = 0. Let b be 3 + -6 + f - -16. Calculate the greatest common divisor of b and 8.
8
Suppose -5*i + 4 = -2*o + 13, 3 = -3*i. Suppose -o*b = b - 12. Calculate the greatest common factor of b and 10.
2
Let b = -8 - -38. Suppose -3*q + 0*q - 6 = 0, 0 = -3*k + 3*q + 36. What is the highest common factor of b and k?
10
Let s(f) = f**2 + 2*f. Let l be s(-2). Suppose 2*d + 3*v - 4*v - 6 = l, 3*d - 15 = 3*v. What is the greatest common factor of d and 2?
1
Let r be 6/24 + 6/8 + 7. Calculate the highest common factor of r and 20.
4
Let q be (-14)/35 - (-502)/5. Calculate the highest common factor of q and 40.
20
Suppose -3*h = 5*n + 14 - 5, -n - 9 = -3*h. Let c be (h + -4)/((-3)/6). What is the highest common factor of 28 and c?
4
Suppose -7 = 2*q - 3*q - 2*d, -2*d = -5*q + 11. Suppose -q*n = 2*l - 0 - 32, 2*n - 43 = -3*l. Calculate the greatest common factor of l and 104.
13
Suppose 0 = 8*v - 6*v - 4*g - 188, -3*v + 3*g + 285 = 0. What is the greatest common factor of 144 and v?
48
Suppose -3 = 3*z - 3*m, -z - 2*m - 1 = -12. Suppose -4*n + 9 = -z*n. What is the highest common factor of n and 18?
9
Let b(j) = -j**2 + 6*j. Let n be b(5). Let a be ((-204)/(-15))/2*n. Calculate the greatest common factor of a and 51.
17
Suppose -4 = 5*v - 134. What is the greatest common factor of v and 13?
13
Suppose 4*m - 3*z = 15, 2*m = 4*z - 9*z + 27. Let r be m - (-1)/(2/(-4)). Suppose r = n + n. Calculate the greatest common divisor of n and 18.
2
Let q = -49 + 62. What is the greatest common factor of 26 and q?
13
Let b be (-1*3)/((-4)/((-1512)/(-6))). What is the greatest common factor of 9 and b?
9
Let j(v) = 2*v**2 - 8*v + 4. Let u be j(-8). Let r = u - -34. Let q be (-1 - 0)/(4/(-92)). What is the highest common divisor of q and r?
23
Let f = -5 + 6. Let l be (11 - f)*(-6)/(-10). Calculate the highest common divisor of l and 6.
6
Suppose j - 6*j + 30 = 0. Let z be (-12)/18 - (-658)/j. Suppose 3*p = 8*p + 4*x - 238, z = 2*p - 3*x. Calculate the highest common divisor of 10 and p.
10
Let z be (-30)/8*(-66 - 2). Let t = -145 + z. Let v(d) = d**2 + 6*d + 3. Let w be v(-7). Calculate the highest common divisor of t and w.
10
Let j(q) = -q**3 - 10*q**2 + 10*q + 1. Let p be j(-11). What is the greatest common divisor of 132 and p?
12
Suppose 51 = 4*n - 1. What is the greatest common divisor of 104 and n?
13
Let s(z) = 4*z**2 - 4*z - 3. Let c be s(-3). Let j be 488/32 - 2/8. What is the highest common divisor of j and c?
15
Suppose q - 5 = k + 19, 0 = 2*k. Calculate the greatest common factor of 3 and q.
3
Let i(s) = 3*s**2 - 3*s + 3. Let d be i(5). Calculate the highest common divisor of d and 21.
21
Suppose -6*s + 12 = -3*s - 2*w, 3*s - 12 = 5*w. Let z be 1084/28 + s/14. What is the greatest common factor of 13 and z?
13
Suppose -f + 46 = 6. Let y be f/14*(14 + -7). Calculate the highest common divisor of 220 and y.
20
Let b = -162 - -164. Calculate the greatest common factor of b and 16.
2
Let w be (13/(-4))/((-1)/20). What is the greatest common divisor of w and 13?
13
Let l = 33 + 174. Calculate the greatest common factor of l and 23.
23
Let p(b) = 2*b - 38. Let u be p(23). What is the greatest common factor of u and 32?
8
Let l = -6 - -14. Let j(o) = -o**2 - o + 2. Let a be j(0). Let h = l + a. What is the highest common divisor of h and 1?
1
Let x be (20/(-25))/(4/(-10)). Suppose -x*j + 4*j = 6. Suppose 0 = -4*b + j*b + 33. What is the highest common divisor of 11 and b?
11
Let t = 7 - -3. Calculate the greatest common factor of t and 40.
10
Let s(l) = 1 + 3*l + 2*l**2 + 0*l - l**2. Let v be s(-5). Let w = -119 + 196. Calculate the greatest common divisor of w and v.
11
Suppose 28 = 4*v - 3*v. Suppose 3*p - v = -p. Let y(c) = 8*c - 2. Let o be y(2). What is the highest common divisor of o and p?
7
Suppose -5*t + 236 = 4*b, t - b = 4*t - 143. Calculate the highest common factor of t and 32.
16
Suppose 6*q = 7*q. Suppose q = -r, 12 = 3*y + 3*r + 2*r. Let t be 0 - (-2)/(y/126). Calculate the greatest common factor of t and 42.
21
Let x be -1 + -1 + 4*3. Suppose -2*r + x - 2 = 0. Suppose r*h + 4*c = 100, 0 = -5*h - 0*c + c + 95. What is the greatest common divisor of h and 5?
5
Let n = -55 + 74. Calculate the greatest common factor of n and 76.
19
Let o(t) = -t + 3. Let f be o(3). Let g be (6/(-15) + f)*-5. What is the highest common factor of g and 22?
2
Suppose 1033 = 3*a + 151. Let b = a + -112. Suppose 2*h = b - 50. Calculate the highest common divisor of h and 6.
6
Suppose -5*y + 112 = -128. Let k = 9 - 16. Let r = k + 13. What is the greatest common divisor of y and r?
6
Let h be (17 + -2)*((-4)/(-10) - 0). Calculate the greatest common divisor of 9 and h.
3
Let v(m) = m + 6. Let j be v(-5). Let a be (2/1)/2 + 4. Calculate the highest common factor of j and a.
1
Suppose -8*m = -3*m - 60. Let u = -24 + 120. Calculate the greatest common factor of m and u.
12
Let z(x) = x - 4. Let v be z(10). Let w(b) = -b + 8. Let j be w(v). Let f = 38 - 26. What is the greatest common divisor of f and j?
2
Let y(p) = -p**3 - 6*p**2 + 12. Let x be y(-6). What is the highest common divisor of 96 and x?
12
Let j be ((-6)/4)/((-3)/34).